et u = 253 + -250. Suppose 0 = x*w + 10, u*y - y = -3*w + 426. What is the hundreds digit of y?
2
Let u(a) = -4*a + 2. Let t be u(0). Let s be (45/2)/((-59)/(-28) - t). Suppose 0 = n, 4*n + s = 2*y + 6*n. What is the tens digit of y?
0
Suppose -4*q - 3*c - 95 = 0, 5*q + 116 = 5*c - 6*c. Let u(i) = -20*i + 94. What is the units digit of u(q)?
4
Let r(m) = -4*m + 2. Let o be r(-1). Suppose -f - 4 = 2*w - o*w, -4*w + 5*f = -20. Suppose w = 10*l + 2*l - 1752. What is the hundreds digit of l?
1
Suppose 0 = 4*o - 7 - 1, 5*d = -4*o - 16847. Let t = d + 4860. What is the hundreds digit of t?
4
What is the thousands digit of (-12)/18 + (-267289)/(-33) + -11?
8
Let p = -79 - -76. Let z(m) = -m**2 - 6*m - 7. Let c be z(p). Suppose 27 = -c*k + 47. What is the tens digit of k?
1
Suppose -20*b + 6178 = 6138. Let a be (2 - (0 - -7))*-1. Suppose -117 = -3*j - x + 122, b*j - 181 = -a*x. What is the units digit of j?
8
Let a be (6/5)/((-33)/(-1430)) + 5. Suppose a*t = 51*t + 7782. What is the thousands digit of t?
1
Let y = -1872 - -6782. What is the hundreds digit of y?
9
Suppose -78*a + 74*a + 79267 = 5*c, -4*a - 3*c = -79253. What is the thousands digit of a?
9
Suppose -6*u - 84*u = -15*u - 130950. What is the units digit of u?
6
Suppose -109052 = -2*c - 6*y, -227698 = -5*c + 5*y + 44892. What is the ten thousands digit of c?
5
Suppose 0 = -3*y + 4*b - 23236 + 121323, -4*b + 130708 = 4*y. What is the hundreds digit of y?
6
Let f(h) = -2*h + 1. Let s be f(-2). Suppose 38 = s*u - 12. What is the hundreds digit of 13328/80 + 4/u?
1
Suppose -2*v + 6 = -2, 3907 = s + 5*v. What is the hundreds digit of s?
8
Suppose -737719 = -60*v + 692842 + 240439. What is the units digit of v?
0
Let f(b) = 5*b**3 - 9*b**2 + 79*b - 8. What is the tens digit of f(5)?
8
Let d(i) = -233*i + 23. Let u be 5*(-4 + 126/35). What is the units digit of d(u)?
9
Let c be (-9)/6 - (-2 - (-12156)/(-8)). Suppose -13*f = -9*f + 2*x - c, 4*f - 4*x - 1496 = 0. What is the units digit of f?
8
Suppose -o + 6372 = -5*r - 4501, 2*o + 2*r - 21782 = 0. What is the units digit of o?
8
Let k be 2*-3*11/6. Let x be (7 - 2)*(k + 9). Let o = 20 - x. What is the tens digit of o?
3
Let d(i) = 5568*i**2 + 41*i + 73. What is the hundreds digit of d(-2)?
2
Suppose -5*j = 523 + 87. Let l = 300 + j. Suppose 0 = 3*u + u + 5*d - 745, u + 4*d - l = 0. What is the tens digit of u?
9
Let l = -5367 + 7519. Suppose -5*j - z + l = 0, -j + 2*j - 3*z = 440. What is the tens digit of j?
3
Suppose u - 4*a - 76 = 105, 5*u + 2*a = 795. Suppose -u*z + 163*z = 3080. What is the units digit of z?
0
Suppose 0 = -5*j - 591*i + 587*i + 104533, -j = -i - 20912. What is the tens digit of j?
0
Let d(x) = -25 - 2*x - 35*x - 62 - 12*x - 35*x. What is the units digit of d(-5)?
3
Let h(t) = t**2 + t + 93. Let d = -25 - -30. Suppose l = 9*l + d*l. What is the units digit of h(l)?
3
Suppose 2*d + 4*d = 4074. Let n = -324 + d. Suppose -6*h + 2*h = -i + 86, 5*h - n = -5*i. What is the tens digit of i?
7
Let x = 3281 - -64658. What is the ten thousands digit of x?
6
Suppose 7*m - 243 - 254 = 0. Let q = m - 69. Suppose -5*d = -5*u, 36 = 5*u - q*d + 6*d. What is the units digit of u?
4
What is the hundreds digit of 10857/154*88*7/6?
2
Let x = 3433 + -1754. What is the units digit of x?
9
Suppose 6302 = x - 5*h, -x = -3*h - 2452 - 3844. What is the tens digit of x?
8
What is the hundreds digit of (-87044*22/44)/((-1 - -2) + -3)?
7
Let l(o) = o**2 - 13*o + 78. Suppose 9*w = -8*w - 238. What is the tens digit of l(w)?
5
Let k = -98 + 150. Let a = 85 - k. Suppose 30*u - a*u + 228 = 0. What is the units digit of u?
6
Let d be (-12)/(-5) + (-8)/20. Let n(s) = 10*s - 6*s - s - d. What is the units digit of n(2)?
4
Suppose -3*z + 39 = -0*z. Let i(k) = -k**3 + 13*k**2 - 13*k - 9. Let h be i(z). Let l = -94 - h. What is the units digit of l?
4
Let y(r) = 69*r**2 - 2*r - 3. Let x(j) = j - 7. Let m(f) = 2*f**3 + 10*f**2 + f + 14. Let g be m(-5). Let p be x(g). What is the units digit of y(p)?
9
What is the ten thousands digit of (6/27 + 32612/1395)*18175/10?
4
Suppose 2*q - 22644 = 4*b, q - 46*b = -48*b + 11326. What is the units digit of q?
4
Suppose -5*h + 3*h + 6 = 3*k, -9 = 3*h. Suppose k*p + 3*o = 5*o - 188, -5*o = 4*p + 174. Let u = p + 54. What is the units digit of u?
8
Suppose -3325 = 5*p - 4*m, 3*m - 1992 = 2*p + p. Let h = p + 357. Let w = -152 - h. What is the units digit of w?
0
Suppose 0 = 5*v - 25*f + 29*f - 21281, -4*f + 12767 = 3*v. What is the units digit of v?
7
Let f = -904 + 454. Let q = f - -816. What is the hundreds digit of q?
3
Let p be (-1039)/(-6 + (-93)/(-15)). What is the hundreds digit of (p/(-20))/((-1)/(-4))?
0
Let d be (-191 - 36/6)*-1. Let z = 886 - d. What is the hundreds digit of z?
6
Suppose 5*n - 15870 = -0*n + 1270. What is the units digit of n?
8
Suppose 2*l = 5*v + 14564, -5*v - v = -7*v. What is the units digit of l?
2
Let c(j) = -228*j - 890. What is the thousands digit of c(-27)?
5
Suppose -2*b = -3*u + 23061, -787*u + 5*b = -790*u + 23019. What is the tens digit of u?
8
Let j = 25406 - 17307. What is the tens digit of j?
9
Let z(y) = -64*y + 67*y + y**2 + y**2 - 3. Let l be z(2). Suppose l*q + 0*q = 1408. What is the hundreds digit of q?
1
Let v(u) = 13 - 64*u - 13 - 22 - 5. What is the tens digit of v(-7)?
2
Suppose -36*v + 29*v = -8750. What is the units digit of v?
0
Suppose -659 = -6*y - 179. Suppose -5*f = 5*x - y, -4*f = -f + 3. Suppose 0 = x*c - 7*c - 210. What is the units digit of c?
1
Let o(n) = -n**2 - n + 5. Let d be o(0). Suppose 20 = -5*v, -22 = -6*r + 5*r + d*v. Suppose -r*s - 20 = -214. What is the units digit of s?
7
Suppose -65*t - 3059097 = -160*t - 21947. What is the thousands digit of t?
1
Let d(i) = -334*i - 138. Suppose 75 = -87*b + 72*b. What is the units digit of d(b)?
2
Suppose 0 = -10*o + 7*o - 162. Let c = o + 60. What is the tens digit of (-1)/(-2) + 813/c?
3
Let b = -7366 + 15692. What is the hundreds digit of b?
3
Let q(a) = -a**3 - 4*a**2 - 3*a + 2. Suppose -90*y + 92*y + 8 = 0. Let i be y - (6 + (-2 - 2)). What is the units digit of q(i)?
2
Suppose 3*k - 22 = 29. Let y = 66 - k. Let b = 24 + y. What is the tens digit of b?
7
Suppose 0 = 3*f - 3427 - 1163. Let s(x) = f*x + 8 + 3*x**2 - 1512*x + 5. What is the tens digit of s(-8)?
6
Suppose -2330*g - 5 = -2331*g. Suppose -2*i + 4*x = -2976, -7500 = -g*i - x - x. What is the tens digit of i?
9
Suppose 2*j - 5*k - 161 = 224, -4*j = 5*k - 815. Suppose 0 = -4*q - 3*x + 5, -q - q + 5*x + 9 = 0. Suppose 0 = -q*v - 3*v + j. What is the units digit of v?
0
What is the thousands digit of 14/35 + -2 + (-7)/((-175)/289165)?
1
Let x(s) = 437*s - 469. What is the thousands digit of x(20)?
8
Let f = -87369 - -166187. What is the ten thousands digit of f?
7
Let x(g) = 2*g**2 + 13*g + 18. Let f be x(-21). What is the tens digit of (1 - (-8 + 11)) + f + 1?
2
Suppose 270*m + 1190483 = -142*m + 3872191. What is the tens digit of m?
0
Let o = -4659 + 6963. What is the tens digit of o?
0
Let n be (-20)/(-6) + 4/6. Let p be (8/10)/(26/(-65))*-27. What is the units digit of (p/(-12))/((-6)/n)?
3
Let c(a) = 2*a**2 - 18*a - 5. Let z = -81 - -80. Let d(x) = -12*x**3 - 1. Let h be d(z). What is the units digit of c(h)?
9
Let z be 18*1*(-11)/(-66). Suppose 4*q - f = -5*f + 3764, 5*q - 4665 = z*f. What is the tens digit of q?
3
Let f = -266 - -271. Suppose -1757 = -4*c - 5*z - 228, -3*z + 1895 = f*c. What is the units digit of c?
6
Suppose 4*v = -77*v + 13*v + 756772. What is the hundreds digit of v?
1
Suppose 157*p + 1306810 = 7580687. What is the units digit of p?
1
Suppose 0 = -83*h - 268066 + 782293 + 295853. What is the units digit of h?
0
Let u be 3/(-4) + 2778/24. Let f = u + -88. What is the units digit of f?
7
What is the tens digit of ((-178273)/36 - 4/18)/(582/(-1552))?
0
Let r(k) = 3*k**2 + 210*k + 1512. What is the hundreds digit of r(-88)?
2
Suppose -4*z + 299 - 303 = 0. What is the tens digit of (4 - -3) + z - -1530?
3
Let l(i) = -2*i**3 - 36*i**2 - 29*i - 7. What is the ten thousands digit of l(-27)?
1
Let g = -472 - -848. Let a = -237 - -15. Let z = g + a. What is the tens digit of z?
5
Let l(n) = n**3 - 54*n**2 + 26*n + 224. What is the hundreds digit of l(55)?
6
Let a(b) = -326*b - b**3 + 331*b - 3*b**2 - 4 + b**3 + b**3. Let n be a(2). Su